3931595 is divided by 102?
71
What is the remainder when 492620230 is divided by 78?
76
What is the remainder when 5457755 is divided by 57?
5
Calculate the remainder when 637193 is divided by 127407.
158
What is the remainder when 20716816 is divided by 74?
72
Calculate the remainder when 1392826 is divided by 69622.
386
What is the remainder when 14631666 is divided by 14631614?
52
What is the remainder when 18576205 is divided by 11?
10
Calculate the remainder when 7789426 is divided by 18.
16
Calculate the remainder when 78325 is divided by 5211.
160
Calculate the remainder when 7224 is divided by 1364.
404
Calculate the remainder when 149097983 is divided by 5943.
5942
Calculate the remainder when 150647 is divided by 14593.
4717
Calculate the remainder when 1406998734 is divided by 248.
246
What is the remainder when 251457 is divided by 96?
33
What is the remainder when 36006118 is divided by 10?
8
What is the remainder when 1663167 is divided by 355?
347
What is the remainder when 128302427 is divided by 311?
310
Calculate the remainder when 1528790 is divided by 382197.
2
Calculate the remainder when 4639552 is divided by 169.
164
Calculate the remainder when 40605529 is divided by 80.
9
Calculate the remainder when 234474 is divided by 33495.
9
What is the remainder when 6216 is divided by 3024?
168
Calculate the remainder when 232121627 is divided by 38686934.
23
Calculate the remainder when 3779324 is divided by 825.
824
Calculate the remainder when 9649 is divided by 2981.
706
Calculate the remainder when 23735 is divided by 23666.
69
Calculate the remainder when 533299 is divided by 105.
4
Calculate the remainder when 42132329 is divided by 1374.
1367
What is the remainder when 48563045 is divided by 9712600?
45
Calculate the remainder when 1172766 is divided by 53307.
12
Calculate the remainder when 131453600 is divided by 23.
21
What is the remainder when 651378 is divided by 652?
30
Calculate the remainder when 789219 is divided by 33.
24
Calculate the remainder when 3260911 is divided by 815204.
95
What is the remainder when 14961 is divided by 4402?
1755
What is the remainder when 21270738 is divided by 10635349?
40
What is the remainder when 1980993 is divided by 2961?
84
Calculate the remainder when 269863 is divided by 630.
223
Calculate the remainder when 957979865 is divided by 122.
119
What is the remainder when 11321 is divided by 52?
37
Calculate the remainder when 581728 is divided by 96953.
10
What is the remainder when 241330 is divided by 3400?
3330
Calculate the remainder when 371394 is divided by 2535.
1284
Calculate the remainder when 259469 is divided by 252.
161
What is the remainder when 36246185 is divided by 11?
8
What is the remainder when 17427369 is divided by 369?
237
What is the remainder when 23007735 is divided by 61?
60
Calculate the remainder when 13804370 is divided by 18807.
32
Calculate the remainder when 3837438 is divided by 767482.
28
Calculate the remainder when 36044919 is divided by 759.
9
What is the remainder when 324833 is divided by 227?
223
What is the remainder when 93918 is divided by 15370?
1698
Calculate the remainder when 84151 is divided by 2628.
55
Calculate the remainder when 1753040 is divided by 12703.
26
What is the remainder when 9728 is divided by 3646?
2436
What is the remainder when 58222 is divided by 2077?
66
Calculate the remainder when 31799962 is divided by 294444.
10
Calculate the remainder when 4793150 is divided by 3243.
3239
Calculate the remainder when 4959 is divided by 619.
7
Calculate the remainder when 17518756 is divided by 3120.
3076
Calculate the remainder when 1205436 is divided by 602622.
192
What is the remainder when 3648250 is divided by 32?
26
What is the remainder when 285588 is divided by 1077?
183
What is the remainder when 141394609 is divided by 174777?
16
Calculate the remainder when 179803074 is divided by 1140.
1134
Calculate the remainder when 154192 is divided by 912.
64
Calculate the remainder when 92326324 is divided by 393.
13
What is the remainder when 735027 is divided by 1373?
472
Calculate the remainder when 38656068 is divided by 95.
93
What is the remainder when 278272 is divided by 277628?
644
What is the remainder when 595679 is divided by 553?
98
What is the remainder when 2658802 is divided by 334?
162
Calculate the remainder when 184307 is divided by 61430.
17
What is the remainder when 81996 is divided by 5466?
6
Calculate the remainder when 73405 is divided by 73157.
248
Calculate the remainder when 9014249 is divided by 819467.
112
What is the remainder when 2041263 is divided by 13981?
37
Calculate the remainder when 27234 is divided by 27224.
10
Calculate the remainder when 219502 is divided by 73149.
55
What is the remainder when 560779 is divided by 280294?
191
What is the remainder when 39800 is divided by 19636?
528
What is the remainder when 13413731 is divided by 4471237?
20
Calculate the remainder when 1009422 is divided by 10418.
9294
What is the remainder when 4085753 is divided by 1361914?
11
What is the remainder when 25942776 is divided by 15048?
24
Calculate the remainder when 11709831 is divided by 1463717.
95
Calculate the remainder when 121222 is divided by 919.
833
What is the remainder when 257342 is divided by 257279?
63
What is the remainder when 69845039 is divided by 144?
143
What is the remainder when 280494 is divided by 140221?
52
What is the remainder when 244449 is divided by 5200?
49
What is the remainder when 10585804 is divided by 154?
152
What is the remainder when 1651232 is divided by 1504?
1344
What is the remainder when 712037 is divided by 7656?
29
Calculate the remainder when 4559791 is divided by 175.
166
Calculate the remainder when 1615543 is divided by 282.
247
What is the remainder when 27572653 is divided by 3446580?
13
Calculate the remainder when 2366698 is divided by 112691.
187
Calculate the remainder when 281104 is divided by 18657.
1249
Calculate the remainder when 10049234 is divided by 29298.
20
What is the remainder when 5539254 is divided by 271?
14
What is the remainder when 1350484 is divided by 591?
49
What is the remainder when 395532784 is divided by 2649?
2647
What is the remainder when 154063 is divided by 25670?
43
What is the remainder when 963575882 is divided by 26?
22
What is the remainder when 1286274 is divided by 3632?
546
What is the remainder when 2919339 is divided by 27540?
99
What is the remainder when 964224672 is divided by 15?
12
Calculate the remainder when 2985798 is divided by 424.
414
What is the remainder when 10542327 is divided by 543?
525
Calculate the remainder when 180742 is divided by 226.
168
Calculate the remainder when 10478060 is divided by 10478047.
13
What is the remainder when 288500 is divided by 9615?
50
What is the remainder when 324220 is divided by 2299?
61
Calculate the remainder when 68536233 is divided by 7.
3
Calculate the remainder when 4868688 is divided by 1622895.
3
What is the remainder when 632099 is divided by 90287?
90
Calculate the remainder when 1194270 is divided by 149279.
38
What is the remainder when 73376097 is divided by 525?
522
Calculate the remainder when 53163988 is divided by 13.
7
Calculate the remainder when 4941858 is divided by 4941804.
54
Calculate the remainder when 1848336 is divided by 102678.
132
What is the remainder when 50754500 is divided by 1281?
1280
What is the remainder when 456207 is divided by 68?
63
Calculate the remainder when 731860 is divided by 731802.
58
What is the remainder when 2899520 is divided by 1872?
1664
What is the remainder when 247018 is divided by 123482?
54
What is the remainder when 6950395 is divided by 55?
45
What is the remainder when 1753918 is divided by 418?
408
Calculate the remainder when 188724410 is divided by 47.
46
Calculate the remainder when 5806137 is divided by 111.
60
Calculate the remainder when 65017505 is divided by 1094.
1085
What is the remainder when 4022248 is divided by 19525?
98
Calculate the remainder when 26705915 is divided by 1926.
1925
What is the remainder when 634103 is divided by 8806?
71
Calculate the remainder when 11232215 is divided by 925.
865
Calculate the remainder when 1430733 is divided by 2819.
1500
What is 